 + 3*q - k = -2884. What is the units digit of q?
1
Suppose 5*p - 139*y + 138*y = 170754, 4*p - 136620 = -2*y. What is the units digit of p?
2
Let q = 305 + -259. Let t be 584/(-14) + (-2)/7. Let m = q + t. What is the units digit of m?
4
Let i(s) = s**2 - 5*s + 2. Let l be i(0). Suppose 0 = -l*m - 2*m + 3*r + 1575, 2*m + 2*r = 798. What is the tens digit of m?
9
Suppose 472125 = 96*n - 71*n. What is the hundreds digit of n?
8
Suppose -3*t + 448 = 2*c - 6*c, -4*t = 5*c - 587. Suppose -184*i = -196*i + 4920. Suppose -3*z + 5*b - 3*b = -i, -z - 5*b = -t. What is the units digit of z?
8
Suppose 4*f = 3*h + 10, f + 16*h - 6 = 15*h. Suppose 0 = -3*a - 3*p + 1146 - 435, -4*p - 956 = -f*a. What is the units digit of a?
8
Suppose 6 - 21 = -3*u. Suppose 5*s - 23 = -4*p, 2*p + 12 = u*p + 2*s. What is the tens digit of (2/p)/(((-1)/(-105))/1)?
0
Suppose 0 = 9*a - a - 8192. Suppose 2*x + 2598 = 5*h, 7*x = 2*h + 10*x - a. What is the hundreds digit of h?
5
Let g = -9837 - -25797. What is the thousands digit of g?
5
Let r(s) be the third derivative of s**6/120 + 7*s**5/30 - 5*s**4/6 - 5*s**3/3 + 2*s**2 + 3. Let p = -15 + 0. What is the units digit of r(p)?
5
Suppose -2*d + 6259 = -5*o, d - 2199 - 937 = -4*o. Suppose -d = -2*g - 7*g. What is the hundreds digit of g?
3
Suppose -n = 8*n - 2538. Suppose n = 3*q - 1584. What is the units digit of q?
2
Let a(h) = h**3 + 7*h**2 - 9*h - 6. Let k be a(-8). Suppose -2648 = -4*q - 3*w, q = 2*q - k*w - 673. What is the hundreds digit of q?
6
Let q = 119 + -63. Suppose 6*p - p = 4*h - q, 3*p + 8 = -4*h. Let t(i) = i**2 - 3*i + 14. What is the hundreds digit of t(p)?
1
What is the ten thousands digit of 7934/7*1183/26?
5
Let c(g) = 5*g**2 + 9*g - 146. What is the thousands digit of c(34)?
5
Let n(o) = o - 1. Let c be n(3). Let u be -5*(-9)/30*c. Suppose 26 = 2*g + 3*x, -4*x + 12 = u*g - 27. What is the units digit of g?
3
Suppose -116*c - 2268807 = -273*c. What is the tens digit of c?
5
Suppose 4*t - 17780 - 6460 = 0. What is the hundreds digit of t/18*((-9)/2)/(-3)?
5
What is the thousands digit of (1 - 28/20) + (39257736/70)/12?
6
Suppose 12713*n = 12726*n - 147290. What is the thousands digit of n?
1
Let o = -38 + 42. Suppose o*k - 18 = -2*t, -k = -1 - 1. Suppose -g + 0*h + 107 = 5*h, 2*g = t*h + 169. What is the tens digit of g?
9
What is the tens digit of ((-86)/4)/((-87)/(-3016))*-9?
0
Let i = 3039 + 15440. What is the units digit of i?
9
Suppose -3*m - 2*m = -5*n - 12495, m = -4*n + 2504. What is the hundreds digit of m?
5
Let g(w) = -w**2 + 36*w + 20. Let q(z) = -2*z + 41. Let s be q(3). What is the units digit of g(s)?
5
Let q = -134 - 9. Let j = 233 + q. What is the units digit of j - -5 - (2 - (1 + 0))?
4
Let t(v) = -v**3 - 14*v**2 - 13*v - 42. Let g be t(-13). What is the hundreds digit of (g/7 + -38)*-3?
1
Suppose 2*g + 15 = 5*n, n - 5 = -4*n + 4*g. Suppose -n*j + 5*x + 2500 = 0, -x - 2 = 3. What is the hundreds digit of j?
4
Let j(n) = -5*n**2 - 5*n + 19. Let y(f) = f**2 + 4*f + 6*f**2 - 3*f**2 - 18. Let v(i) = 3*j(i) + 4*y(i). What is the units digit of v(10)?
5
Let c(b) = 10*b**3 - 2*b**2 - b. Let d be c(-1). Let s(p) = -2*p + 6. Let i(f) = 7*f - 10. Let u(m) = -4*i(m) - 10*s(m). What is the units digit of u(d)?
8
Let w be 3 - (-3)/6*0. Suppose -4*r + w*s + 1 = 0, -3*s = 2*r - r - 19. Suppose -4*y - r*v + 22 + 90 = 0, 2*y - 44 = 2*v. What is the tens digit of y?
2
Let h(o) = -35*o**3 + 9*o + 30. What is the units digit of h(-8)?
8
Suppose 8*d - 18 = 14. Suppose -3*j + 1 = d*p - 87, 0 = -3*j - 3*p + 90. Let r = 140 - j. What is the tens digit of r?
0
Let p(u) = -9*u**3 + u**2 + 2*u + 2. Let f be p(-1). Suppose z - f = -4*z, 62 = 5*c + z. Suppose -c*k + 30 = -18. What is the units digit of k?
4
Let n(d) = d**3 + 6*d**2 - 4*d + 23. Let q be n(-7). Suppose -44*w + q = -43*w. Suppose 0 = w*x - 2*b - 156, -3*b + 0*b = 0. What is the units digit of x?
8
What is the ten thousands digit of ((-4)/(-28) - 96/(-112))*22177?
2
Suppose -22*k = -25*k + 15. Suppose 4*j - 2821 = -k*v, 5*j - 5*v - 1433 = 3*j. What is the units digit of j?
9
Let z be ((-34)/5)/((-2)/(-10)). Let h = z + 65. What is the units digit of h?
1
Let d(v) be the third derivative of 11*v**6/720 - v**5/30 + v**4 - 19*v**2. Let l(o) be the second derivative of d(o). What is the tens digit of l(3)?
2
Suppose g - 3 = -0. Suppose 0 = 2*v - 5*q + g*q + 6, 5*v - 4*q = -11. What is the tens digit of (v - -4)*1 - -203?
0
Let s(m) = -89*m - 25 + 264*m + 18. What is the tens digit of s(3)?
1
Let i = -9134 + 17789. What is the thousands digit of i?
8
Let f(w) be the third derivative of w**5/12 + w**4/24 - 21*w**3/2 + 32*w**2 + 2*w. What is the tens digit of f(-7)?
7
Let a(w) = -w**3 - 17*w**2 - w - 14. Let d be a(-17). What is the tens digit of 34/(-51) - (-230)/d?
7
What is the thousands digit of (168/(-140))/((-84651)/(-42330) + -2)?
5
Suppose -7*j + 2*j = -1320. Let q = j - 155. What is the tens digit of q?
0
Let p be (-36)/(3246/408 + -8). Let g = -486 + p. What is the units digit of g?
0
Suppose -90565 = -3*h - j, -60398 = -8*h + 6*h + 2*j. What is the tens digit of h?
9
Suppose 1 = -8*m - 7. Let w be (-5 + 19)/(3 + -2 - m). Suppose p - 1 = z, z = 5*p - 2*p - w. What is the units digit of p?
3
Let o = 138039 + -98250. What is the units digit of o?
9
Let t(w) = -5 + 0*w**2 + 12*w**2 - 2*w**2 + w + 4. What is the tens digit of t(-2)?
3
Let s(u) = -2*u**3 + u**2 + u - 231. Let h be s(0). Let v = h - -293. What is the tens digit of v?
6
Let p = 4693 + 1013. What is the tens digit of p?
0
Let l(d) = 2*d + 2. Let c(o) = -51*o**2 - 23*o + 15. Let j(b) = -c(b) + 5*l(b). What is the hundreds digit of j(-3)?
3
Let h(f) = 12*f**2 + 8*f + 1. Let m(n) = -3 - 124*n + 9 + 129*n. Let w be m(-2). What is the hundreds digit of h(w)?
1
Suppose 0 = -154*s + 156*s. What is the hundreds digit of (s + 1 - 14)/((-13)/533)?
5
Suppose 8 = -4*x - 0. Let o(f) = -2*f - 2. Let t be o(x). What is the units digit of 2/(-6) + (111/9 - t)?
0
Suppose -13*l + 828 = 5*l. Let s = l + -93. What is the units digit of (6/(-30)*s)/((-1)/(-5))?
7
Let z = 5027 - -636. What is the thousands digit of z?
5
Let f = -2194 + 3693. Suppose -3409 = -12*p + f. What is the tens digit of p?
0
Let w be 30*9*(-2 - -3). What is the hundreds digit of (-1582)/(-11) - (w/(-33) + 8)?
1
Suppose -5*s - 12*s = 20*s - 2206088. What is the thousands digit of s?
9
Let i(x) = 117*x**3 - 85*x**2 - x - 2. What is the thousands digit of i(3)?
2
Let h = -2321 + 4192. What is the units digit of h?
1
Let v = 2305 - -452. What is the units digit of v?
7
Suppose 0 = -12*l - 46 - 26. Let o be (0/(-2))/(6/(l/(-3))). Suppose -2*x - 10 = o, -2*a - 4*x + 97 = -35. What is the units digit of a?
6
Let j(r) = r**2 - 3*r - 6. Let k(x) = 5*x - 12. Let n be k(3). Let i be j(n). Let p(b) = -8*b + 50. What is the units digit of p(i)?
8
Let u be (-1)/(-2)*-2 + 11. Suppose 4*z = k + u - 64, z = k - 45. Suppose 4*h = 7*h - k. What is the units digit of h?
4
What is the thousands digit of 20415*(-108)/(-360) - (-5)/2?
6
Let c be 7/(1/(-12)*-3). Suppose v = -3*o + c, 0 = -0*v - 5*v - 2*o + 75. Suppose -v*n = -11*n - 162. What is the units digit of n?
1
Suppose 0 = -33*g + 120 + 111. Suppose 2850 = g*v + 12*v. What is the units digit of v?
0
Let m = 56415 + -30981. What is the ten thousands digit of m?
2
Let i(m) = m**3 - 16*m**2 + m - 11. Let q be i(16). Suppose 6*b - q*b - 61 = 0. Let n = 99 - b. What is the tens digit of n?
3
Suppose 3 + 21 = 4*f. Suppose -850 = -f*d - 160. Let w = d - 42. What is the units digit of w?
3
Suppose -2*t = -9*r + 4*r + 10, 3*r = -4*t - 20. Suppose r = 4*z - 23 + 3, 2*y + 4*z - 62 = 0. What is the tens digit of (-40)/(-3 - (-57)/y)?
4
Let c(k) = -k**2 - 3*k**2 + 3*k**2 + 2*k + 2*k**2. Let i be c(4). Suppose 552 = 5*a - 4*f + i, 2 = -f. What is the tens digit of a?
0
Let n(y) be the third derivative of y**4/12 + 17*y**3/3 - 2*y**2. Let u be n(-17). Suppose f + 2 = u, 5*s - 219 + 4 = -5*f. What is the units digit of s?
5
Suppose -o = 3*s - 19, 11*s = 12*s - 2*o - 18. Suppose 0 = 4*f + g - 3504, -s*f = -5*f + 4*g - 2641. What is the units digit of f?
5
Let z = 62 + 29. Suppose -q + 2*o = 2*q - 374, -219 = -2*q - 3*o. Let i = q - z. What is the units digit of i?
9
Suppose 0 = 2*q + 3*i + 3, 7*i = -5*q + 5*i + 9. Suppos